{"id":2504,"date":"2014-02-21T21:36:52","date_gmt":"2014-02-21T20:36:52","guid":{"rendered":"http:\/\/www.goemuergen.de\/?page_id=2504"},"modified":"2014-02-21T21:38:47","modified_gmt":"2014-02-21T20:38:47","slug":"description-du-village","status":"publish","type":"page","link":"https:\/\/www.goemuergen.de\/?page_id=2504&lang=fr","title":{"rendered":"Description du village"},"content":{"rendered":"<p><strong>L\u2019histoire<\/strong><br \/>\nOn se trouve G\u00f6m\u00fcrgen dans l&#8217;Anatolie, qui est une des plus anciennes zones de peuplement du monde. Les donn\u00e9es exactes pour l&#8217;\u00e9tablissement du village ne \u200b\u200bsont pas bien connues. Il est suppos\u00e9 que entre 1594 et 1644 sept familles \u00e9migr\u00e9es turkm\u00e8ne de l&#8217;Asie centrale sont install\u00e9s dans l&#8217;environnement et jusqu&#8217;\u00e0 aujourd&#8217;hui sont employ\u00e9es dans l&#8217;\u00e9levage des moutons.<\/p>\n<p><strong>Le G\u00e9ographie<\/strong><br \/>\nG\u00f6m\u00fcrgen appartient \u00e0 l&#8217;arrondissement Akk\u0131\u015fla, qui appartient encore \u00e0 la province de Kayseri. Il se trouve \u00e0 6 kilom\u00e8tres loin de \u00a0Akk\u0131\u015fla et \u00e0 86 kilom\u00e8tres de Kayseri. Dans l&#8217;est et le sud- est de la montagne et le village H\u0131nz\u0131r Ortak\u00f6y.<\/p>\n<p>Akk\u0131\u015fla se trouve \u00e0 l&#8217;ouest de G\u00f6m\u00fcrgen. Sud de G\u00f6m\u00fcrgen, \u00e9galement associ\u00e9 avec le district Akkisla , se trouve le quartier U\u011furlu et le village Gan\u0131\u015feh.<br \/>\nG\u00f6m\u00fcrgen, se trouve plus de 1400 &#8211; 1500m sur le niveau de la mer et dispose d&#8217;un climat continental. La v\u00e9g\u00e9tation rappelle d&#8217;un d\u00e9sert. La raison \u00e0 cela r\u00e9side dans la f\u00eate et la grande clairi\u00e8re inhabituelle de la terre \u00e0 travers le pays afin de convertir en p\u00e2turages. C&#8217;est la raison pour laquelle \u00e0 nouveau le danger d&#8217;\u00e9rosion dans et autour de G\u00f6m\u00fcrgen.<\/p>\n<p><strong>L&#8217;infrastructure<\/strong><br \/>\nEn raison de l&#8217;augmentation du nombre d&#8217;habitants, des logements mixtes et le fait que les besoins du village ne \u200b\u200bsont pas trait\u00e9s, seulement quelques nouvelles zones de peuplement se sont d\u00e9velopp\u00e9es. Ces zones de peuplement sont cependant construits sans plan et le prennent inutilement une vaste zone, de sorte que la formation de l&#8217;infrastructure est plus difficile dans ces domaines. Une \u00e9vacuation des eaux n&#8217;existe pas dans le village.<br \/>\nStructure sociale, les coutumes et les activit\u00e9s sportives<br \/>\nUne tr\u00e8s grande partie de la population ne profite pas de la s\u00e9curit\u00e9 sociale. La dur\u00e9e de vie des personnes \u00e2g\u00e9es et des personnes handicap\u00e9es devient de plus en plus difficile. Les jeunes sont souvent sans formation et ainsi profession et leur avenir est incertain. Il n&#8217;existe pas d&#8217;activit\u00e9s ou associations sportives.<\/p>\n<p>Les probl\u00e8mes du village<br \/>\nComme d\u00e9j\u00e0 soulign\u00e9 la commune a de nombreux probl\u00e8mes, qui se refl\u00e8tent dans toute la Turquie.<br \/>\nLes principaux probl\u00e8mes sont les suivants:<br \/>\n1. La production n&#8217;est pas mise \u00e0 jour et ainsi insuffisante<br \/>\n2. Le syst\u00e8me \u00e9ducatif est de qualit\u00e9 inf\u00e9rieure \u00e0 la moyenne<br \/>\n3. Le village a des probl\u00e8mes d&#8217;eau potable et d&#8217;irrigation<br \/>\n4. Le village est fortement affect\u00e9e par l&#8217;\u00e9rosion<br \/>\n5. Les jeunes du village est incertain sur son avenir<\/p>\n<p>&nbsp;<\/p>\n","protected":false},"excerpt":{"rendered":"<p>L\u2019histoire On se trouve G\u00f6m\u00fcrgen dans l&#8217;Anatolie, qui est une des plus anciennes zones de peuplement du monde. Les donn\u00e9es exactes pour l&#8217;\u00e9tablissement du village ne \u200b\u200bsont pas bien connues. Il est suppos\u00e9 que entre 1594 et 1644 sept familles \u00e9migr\u00e9es turkm\u00e8ne de l&#8217;Asie centrale sont install\u00e9s dans l&#8217;environnement et jusqu&#8217;\u00e0 aujourd&#8217;hui sont employ\u00e9es dans [&hellip;]<\/p>\n","protected":false},"author":1,"featured_media":0,"parent":2502,"menu_order":0,"comment_status":"closed","ping_status":"open","template":"","meta":{"ngg_post_thumbnail":0,"footnotes":""},"class_list":["post-2504","page","type-page","status-publish","hentry"],"_links":{"self":[{"href":"https:\/\/www.goemuergen.de\/index.php?rest_route=\/wp\/v2\/pages\/2504","targetHints":{"allow":["GET"]}}],"collection":[{"href":"https:\/\/www.goemuergen.de\/index.php?rest_route=\/wp\/v2\/pages"}],"about":[{"href":"https:\/\/www.goemuergen.de\/index.php?rest_route=\/wp\/v2\/types\/page"}],"author":[{"embeddable":true,"href":"https:\/\/www.goemuergen.de\/index.php?rest_route=\/wp\/v2\/users\/1"}],"replies":[{"embeddable":true,"href":"https:\/\/www.goemuergen.de\/index.php?rest_route=%2Fwp%2Fv2%2Fcomments&post=2504"}],"version-history":[{"count":0,"href":"https:\/\/www.goemuergen.de\/index.php?rest_route=\/wp\/v2\/pages\/2504\/revisions"}],"up":[{"embeddable":true,"href":"https:\/\/www.goemuergen.de\/index.php?rest_route=\/wp\/v2\/pages\/2502"}],"wp:attachment":[{"href":"https:\/\/www.goemuergen.de\/index.php?rest_route=%2Fwp%2Fv2%2Fmedia&parent=2504"}],"curies":[{"name":"wp","href":"https:\/\/api.w.org\/{rel}","templated":true}]}}