{"id":2015,"date":"2014-01-26T19:31:58","date_gmt":"2014-01-26T18:31:58","guid":{"rendered":"http:\/\/www.goemuergen.de\/?page_id=2015"},"modified":"2014-02-15T18:13:47","modified_gmt":"2014-02-15T17:13:47","slug":"2015-2","status":"publish","type":"page","link":"https:\/\/www.goemuergen.de\/?page_id=2015&lang=hu","title":{"rendered":"K\u00f6z\u00f6ss\u00e9g"},"content":{"rendered":"<p>G\u00f6m\u00fcrgen falu le\u00edr\u00e1sa<\/p>\n<p>T\u00f6rt\u00e9nelem<\/p>\n<p>G\u00f6m\u00fcrgen Anat\u00f3li\u00e1ban fekszik, ami az egyik legr\u00e9gebben lakott ter\u00fclet a vil\u00e1gon.<\/p>\n<p>Pontos adat a falu alap\u00edt\u00e1s\u00e1r\u00f3l nem ismert. Felt\u00e9telezz\u00fck, hogy 1594 \u00e9s 1644 k\u00f6z\u00f6tt h\u00e9t T\u00fcrkm\u00e9n betelep\u00fcl\u0151 csal\u00e1d K\u00f6z\u00e9p-\u00c1zsi\u00e1b\u00f3l telepedett itt le a ter\u00fcleten \u00e9s a mai napig juh teny\u00e9szt\u00e9ssel foglalkoznak.<\/p>\n<p>F\u00f6ldrajz<\/p>\n<p>G\u00f6m\u00fcrgen Akk\u0131\u015fla ker\u00fcletben van ami a Kayseri provinci\u00e1hoz tartozik 6 km-re helyezkedik el Akkisl\u00e1t\u00f3l \u00e9s 86 km messzire Kayserit\u0151l. Kelet \u2013 d\u00e9lkeletre fekszik a Hinzir hegy \u00e9s Ortak\u00f6y falu. Akkisla G\u00f6m\u00fcrgent\u0151l nyugatra tal\u00e1lhat\u00f3. D\u00e9lre a szint\u00e9n Akkisla ker\u00fclet szint\u0171,\u00a0 Ugurlu ker\u00fclet \u00e9s Ganiseh falu van.<\/p>\n<p>G\u00f6m\u00fcrgen 1400-1500 m\u00e9terre a tengerszint felett fekszik \u00e9s kontinent\u00e1lis \u00e9ghajlattal rendelkezik. A n\u00f6v\u00e9nyzet a sivatagira eml\u00e9keztet. Ennek az oka, hogy a folyamatos t\u00fallegeltet\u00e9s \u00e9s erd\u0151\u00edrt\u00e1s ar\u00e1nytalanul nagy a sz\u00e1nt\u00f3kon \u00e9s legel\u0151k\u00f6n. Ez az oka az er\u00f3zi\u00f3 vesz\u00e9ly\u00e9nek G\u00f6m\u00fcrgen k\u00f6r\u00fcl.<\/p>\n<p>\u00c9lett\u00e9r \u00e9s f\u00f6ldszerkezet<\/p>\n<p>A n\u00f6vekv\u0151 lakoss\u00e1g sz\u00e1ma \u00e9s a t\u00e9ny, hogy a falu ig\u00e9nyei nem egyeznek csak n\u00e9h\u00e1ny lakott ter\u00fclet j\u00f6tt l\u00e9tre. Mivel ezek a ter\u00fcletek terv n\u00e9lk\u00fcl k\u00e9sz\u00fcltek \u00e9s sz\u00fcks\u00e9gtelen\u00fcl nagy ter\u00fcleten j\u00f6ttek l\u00e9tre, az infrastrukt\u00fara ki\u00e9p\u00edt\u00e9se nehezebb ezeken a ter\u00fcleteken. Szennyv\u00edzelvezet\u00e9s nincs a faluban.<\/p>\n<p>Szoci\u00e1lis helyzet, trad\u00edci\u00f3, sportol\u00e1si lehet\u0151s\u00e9gek<\/p>\n<p>A lakoss\u00e1g nagy r\u00e9sze nem rendelkezik t\u00e1rsadalombiztos\u00edt\u00e1ssal. Az \u00e9let az id\u0151sek \u00e9s a fogyat\u00e9kkal \u00e9l\u0151k sz\u00e1m\u00e1ra egyre nehezebb\u00e9 v\u00e1lik. A fiatalok gyakran nem rendelkeznek gyakorlattal \u00e9s v\u00e9gzetts\u00e9ggel \u00edgy a j\u00f6v\u0151j\u00fck bizonytalan. Sport tev\u00e9kenys\u00e9ggel \u00e9s egyes\u00fclettel nem rendelkezik a falu.<\/p>\n<p>A falu probl\u00e9m\u00e1i:<\/p>\n<p>Mint r\u00e1mutattunk, az \u00f6nkorm\u00e1nyzat sok probl\u00e9m\u00e1val rendelkezik, amely t\u00fckr\u00f6zi eg\u00e9sz T\u00f6r\u00f6korsz\u00e1got.<\/p>\n<p>A f\u0151bb probl\u00e9m\u00e1k a k\u00f6vetkez\u0151k:<\/p>\n<ol>\n<li>a termel\u00e9s elavult \u00e9s nem hat\u00e9kony<\/li>\n<li>az oktat\u00e1si rendszer \u00e1tlag alatti<\/li>\n<li>a falu iv\u00f3v\u00edz- \u00e9s \u00f6nt\u00f6z\u00e9si probl\u00e9m\u00e1i<\/li>\n<li>a falut er\u0151sen befoly\u00e1solja az er\u00f3zi\u00f3<\/li>\n<li>a falusi fiatalok bizonytalan j\u00f6v\u0151je<\/li>\n<\/ol>\n<p>&nbsp;<\/p>\n","protected":false},"excerpt":{"rendered":"<p>G\u00f6m\u00fcrgen falu le\u00edr\u00e1sa T\u00f6rt\u00e9nelem G\u00f6m\u00fcrgen Anat\u00f3li\u00e1ban fekszik, ami az egyik legr\u00e9gebben lakott ter\u00fclet a vil\u00e1gon. Pontos adat a falu alap\u00edt\u00e1s\u00e1r\u00f3l nem ismert. Felt\u00e9telezz\u00fck, hogy 1594 \u00e9s 1644 k\u00f6z\u00f6tt h\u00e9t T\u00fcrkm\u00e9n betelep\u00fcl\u0151 csal\u00e1d K\u00f6z\u00e9p-\u00c1zsi\u00e1b\u00f3l telepedett itt le a ter\u00fcleten \u00e9s a mai napig juh teny\u00e9szt\u00e9ssel foglalkoznak. F\u00f6ldrajz G\u00f6m\u00fcrgen Akk\u0131\u015fla ker\u00fcletben van ami a Kayseri provinci\u00e1hoz tartozik [&hellip;]<\/p>\n","protected":false},"author":1,"featured_media":0,"parent":2093,"menu_order":0,"comment_status":"closed","ping_status":"open","template":"","meta":{"ngg_post_thumbnail":0,"footnotes":""},"class_list":["post-2015","page","type-page","status-publish","hentry"],"_links":{"self":[{"href":"https:\/\/www.goemuergen.de\/index.php?rest_route=\/wp\/v2\/pages\/2015","targetHints":{"allow":["GET"]}}],"collection":[{"href":"https:\/\/www.goemuergen.de\/index.php?rest_route=\/wp\/v2\/pages"}],"about":[{"href":"https:\/\/www.goemuergen.de\/index.php?rest_route=\/wp\/v2\/types\/page"}],"author":[{"embeddable":true,"href":"https:\/\/www.goemuergen.de\/index.php?rest_route=\/wp\/v2\/users\/1"}],"replies":[{"embeddable":true,"href":"https:\/\/www.goemuergen.de\/index.php?rest_route=%2Fwp%2Fv2%2Fcomments&post=2015"}],"version-history":[{"count":0,"href":"https:\/\/www.goemuergen.de\/index.php?rest_route=\/wp\/v2\/pages\/2015\/revisions"}],"up":[{"embeddable":true,"href":"https:\/\/www.goemuergen.de\/index.php?rest_route=\/wp\/v2\/pages\/2093"}],"wp:attachment":[{"href":"https:\/\/www.goemuergen.de\/index.php?rest_route=%2Fwp%2Fv2%2Fmedia&parent=2015"}],"curies":[{"name":"wp","href":"https:\/\/api.w.org\/{rel}","templated":true}]}}

Közösség

<p>Gömürgen falu leírása</p>
<p>Történelem</p>
<p>Gömürgen Anatóliában fekszik, ami az egyik legrégebben lakott terület a világon.</p>
<p>Pontos adat a falu alapításáról nem ismert. Feltételezzük, hogy 1594 és 1644 között hét Türkmén betelepülő család Közép-Ázsiából telepedett itt le a területen és a mai napig juh tenyésztéssel foglalkoznak.</p>
<p>Földrajz</p>
<p>Gömürgen Akkışla kerületben van ami a Kayseri provinciához tartozik 6 km-re helyezkedik el Akkislától és 86 km messzire Kayseritől. Kelet – délkeletre fekszik a Hinzir hegy és Ortaköy falu. Akkisla Gömürgentől nyugatra található. Délre a szintén Akkisla kerület szintű,  Ugurlu kerület és Ganiseh falu van.</p>
<p>Gömürgen 1400-1500 méterre a tengerszint felett fekszik és kontinentális éghajlattal rendelkezik. A növényzet a sivatagira emlékeztet. Ennek az oka, hogy a folyamatos túllegeltetés és erdőírtás aránytalanul nagy a szántókon és legelőkön. Ez az oka az erózió veszélyének Gömürgen körül.</p>
<p>Élettér és földszerkezet</p>
<p>A növekvő lakosság száma és a tény, hogy a falu igényei nem egyeznek csak néhány lakott terület jött létre. Mivel ezek a területek terv nélkül készültek és szükségtelenül nagy területen jöttek létre, az infrastruktúra kiépítése nehezebb ezeken a területeken. Szennyvízelvezetés nincs a faluban.</p>
<p>Szociális helyzet, tradíció, sportolási lehetőségek</p>
<p>A lakosság nagy része nem rendelkezik társadalombiztosítással. Az élet az idősek és a fogyatékkal élők számára egyre nehezebbé válik. A fiatalok gyakran nem rendelkeznek gyakorlattal és végzettséggel így a jövőjük bizonytalan. Sport tevékenységgel és egyesülettel nem rendelkezik a falu.</p>
<p>A falu problémái:</p>
<p>Mint rámutattunk, az önkormányzat sok problémával rendelkezik, amely tükrözi egész Törökországot.</p>
<p>A főbb problémák a következők:</p>
<ol>
<li>a termelés elavult és nem hatékony</li>
<li>az oktatási rendszer átlag alatti</li>
<li>a falu ivóvíz- és öntözési problémái</li>
<li>a falut erősen befolyásolja az erózió</li>
<li>a falusi fiatalok bizonytalan jövője</li>
</ol>
<p>&nbsp;</p>

<p>Gömürgen falu leírása Történelem Gömürgen Anatóliában fekszik, ami az egyik legrégebben lakott terület a világon. Pontos adat a falu alapításáról nem ismert. Feltételezzük, hogy 1594 és 1644 között hét Türkmén betelepülő család Közép-Ázsiából telepedett itt le a területen és a mai napig juh tenyésztéssel foglalkoznak. Földrajz Gömürgen Akkışla kerületben van ami a Kayseri provinciához tartozik [&hellip;]</p>
