{"id":1164,"date":"2011-10-20T09:03:00","date_gmt":"2011-10-20T07:03:00","guid":{"rendered":"http:\/\/www.goemuergen.de\/?page_id=1164"},"modified":"2014-02-03T23:09:03","modified_gmt":"2014-02-03T22:09:03","slug":"community","status":"publish","type":"page","link":"https:\/\/www.goemuergen.de\/?page_id=1164&lang=en","title":{"rendered":"Community"},"content":{"rendered":"<p><span style=\"text-decoration: underline;\">Description of the village G\u00f6m\u00fcrgen <\/span><\/p>\n<p><span style=\"text-decoration: underline;\">History <\/span><\/p>\n<p>G\u00f6m\u00fcrgen lies inAnatolia, which is one of the oldest settlement areas of the world. Exact data for the establishment of the village are not well-known. It is assumed that between 1594 and 1644 seven Turkmeni emigrant families ofCentral Asiasettled in the environment and until to today are employed into sheep breeding. \u00a0<\/p>\n<p><span style=\"text-decoration: underline;\">Geography <\/span><\/p>\n<p>G\u00f6m\u00fcrgen belongs to the district Akk\u0131\u015fla, which belongs again to the provinceKayseri. It lies 6 kilometers far away from Akk\u0131\u015fla and 86 kilometers fromKayseri. In the east and southeast is the H\u0131nz\u0131r mountain and the village Ortak\u00f6y. Akk\u0131\u015fla lies to the west of G\u00f6m\u00fcrgen. South of G\u00f6m\u00fcrgen, likewise associated with the district Akkisla, lies the district U\u011furlu and the village Gan\u0131\u015feh.<\/p>\n<p>G\u00f6m\u00fcrgen, lies over 1400-1500m over the sea level and has a land climate. The vegetation reminds of a desert. The reason for it lies in the constant over feasting and the unusual high clearing of the ground around the country in order to convert to pastureland. This again is the reason for the erosion danger into and around G\u00f6m\u00fcrgen.<\/p>\n<p><span style=\"text-decoration: underline;\">Living space and ground structure <\/span><\/p>\n<p>Due to the rising number of inhabitants the mixed housings and the fact with the needs of the village is not dealt with, only a few new settlement areas have developed. These settlement areas are however are constructed without plan and take unnecessarily a wide area, whereby the formation of the infrastructure is more difficult in these areas. A sewage disposal does not exist it in the village.<\/p>\n<p><span style=\"text-decoration: underline;\">Social structure, customs and sporty activities <\/span><\/p>\n<p>A very large part of the population is not under social security. The life of the old people and the disabled people becomes ever more difficult. The young people are often without training and occupation and their future is uncertain. Sporty activities or associations do not exist.<\/p>\n<p><span style=\"text-decoration: underline;\">The problems of the village <\/span><\/p>\n<p>As already pointed out the municipality has many problems, which reflect themselves in wholeTurkey<\/p>\n<p>The main problems are the following:<\/p>\n<p>1. Production is not up-to-date and becomming insufficient<\/p>\n<p>2. The education system is from below average quality<\/p>\n<p>3. The village has drinking water and irrigation problems<\/p>\n<p>4. The village is strongly affected by erosion<\/p>\n<p>5. The village youth is uncertain about their future<\/p>\n","protected":false},"excerpt":{"rendered":"<p>Description of the village G\u00f6m\u00fcrgen History G\u00f6m\u00fcrgen lies inAnatolia, which is one of the oldest settlement areas of the world. Exact data for the establishment of the village are not well-known. It is assumed that between 1594 and 1644 seven Turkmeni emigrant families ofCentral Asiasettled in the environment and until to today are employed into [&hellip;]<\/p>\n","protected":false},"author":1,"featured_media":0,"parent":0,"menu_order":29,"comment_status":"closed","ping_status":"closed","template":"","meta":{"ngg_post_thumbnail":0,"footnotes":""},"class_list":["post-1164","page","type-page","status-publish","hentry"],"_links":{"self":[{"href":"https:\/\/www.goemuergen.de\/index.php?rest_route=\/wp\/v2\/pages\/1164","targetHints":{"allow":["GET"]}}],"collection":[{"href":"https:\/\/www.goemuergen.de\/index.php?rest_route=\/wp\/v2\/pages"}],"about":[{"href":"https:\/\/www.goemuergen.de\/index.php?rest_route=\/wp\/v2\/types\/page"}],"author":[{"embeddable":true,"href":"https:\/\/www.goemuergen.de\/index.php?rest_route=\/wp\/v2\/users\/1"}],"replies":[{"embeddable":true,"href":"https:\/\/www.goemuergen.de\/index.php?rest_route=%2Fwp%2Fv2%2Fcomments&post=1164"}],"version-history":[{"count":0,"href":"https:\/\/www.goemuergen.de\/index.php?rest_route=\/wp\/v2\/pages\/1164\/revisions"}],"wp:attachment":[{"href":"https:\/\/www.goemuergen.de\/index.php?rest_route=%2Fwp%2Fv2%2Fmedia&parent=1164"}],"curies":[{"name":"wp","href":"https:\/\/api.w.org\/{rel}","templated":true}]}}