{"id":1163,"date":"2011-10-20T09:03:00","date_gmt":"2011-10-20T09:03:00","guid":{"rendered":"http:\/\/www.goemuergen.de\/?page_id=1163"},"modified":"2013-12-24T14:55:09","modified_gmt":"2013-12-24T13:55:09","slug":"kasaba","status":"publish","type":"page","link":"https:\/\/www.goemuergen.de\/?page_id=1163&lang=tr","title":{"rendered":"Kasaba"},"content":{"rendered":"<p><span style=\"font-family: verdana,arial; font-size: medium;\">G\u00f6m\u00fcrgen Kasabas\u0131, \u0130\u00e7 Anadolu b\u00f6lgesinin Kayseri \u0130li&#8217;ne ba\u011fl\u0131 Akk\u0131\u015fla \u0130l\u00e7esi&#8217;nde bulunmaktadir.<\/span><\/p>\n","protected":false},"excerpt":{"rendered":"<p>G\u00f6m\u00fcrgen Kasabas\u0131, \u0130\u00e7 Anadolu b\u00f6lgesinin Kayseri \u0130li&#8217;ne ba\u011fl\u0131 Akk\u0131\u015fla \u0130l\u00e7esi&#8217;nde bulunmaktadir.<\/p>\n","protected":false},"author":1,"featured_media":0,"parent":0,"menu_order":28,"comment_status":"closed","ping_status":"closed","template":"","meta":{"ngg_post_thumbnail":0,"footnotes":""},"class_list":["post-1163","page","type-page","status-publish","hentry"],"_links":{"self":[{"href":"https:\/\/www.goemuergen.de\/index.php?rest_route=\/wp\/v2\/pages\/1163","targetHints":{"allow":["GET"]}}],"collection":[{"href":"https:\/\/www.goemuergen.de\/index.php?rest_route=\/wp\/v2\/pages"}],"about":[{"href":"https:\/\/www.goemuergen.de\/index.php?rest_route=\/wp\/v2\/types\/page"}],"author":[{"embeddable":true,"href":"https:\/\/www.goemuergen.de\/index.php?rest_route=\/wp\/v2\/users\/1"}],"replies":[{"embeddable":true,"href":"https:\/\/www.goemuergen.de\/index.php?rest_route=%2Fwp%2Fv2%2Fcomments&post=1163"}],"version-history":[{"count":0,"href":"https:\/\/www.goemuergen.de\/index.php?rest_route=\/wp\/v2\/pages\/1163\/revisions"}],"wp:attachment":[{"href":"https:\/\/www.goemuergen.de\/index.php?rest_route=%2Fwp%2Fv2%2Fmedia&parent=1163"}],"curies":[{"name":"wp","href":"https:\/\/api.w.org\/{rel}","templated":true}]}}